. Let u(k) = -26*o(k) + 2*t(k). Determine u(-17).
-34
Let w(g) be the first derivative of 9*g - 1/3*g**3 + g**2 - 186. Give w(7).
-26
Let g be (2/8)/(8 + (-126)/16). Let k(b) = -b. Let x(w) = 3*w. Let z(s) = g*x(s) + 5*k(s). Determine z(2).
2
Let c(l) = l**3 + l**2 - l + 10. Suppose 232*s - 228*s + 4*p - 20 = 0, 4*s + 5 = p. Determine c(s).
10
Let a(i) = -2*i**3 + 12*i**2 - 5*i + 9. Suppose 26748 = 4*s + 26724. Determine a(s).
-21
Let u = -121 - -125. Suppose -u*b - 4 = 4*v, 0*v = 5*b - v - 7. Let j(x) = -3 - 5*x + 4 + 0 - 2. Determine j(b).
-6
Let k be (279/(-124)*(-2)/27)/((-4)/(-6)). Let m(d) be the first derivative of k*d**4 + 21 + 5/2*d**2 + 5/3*d**3 + 5*d. Calculate m(-5).
-20
Let a(p) = p**3 + 9*p**2 - 44*p - 343. Let g be a(-10). Let w(n) = -11*n - 42. What is w(g)?
-9
Suppose 4*g = 7*g - 4*k - 206, -5*k = g - 56. Suppose -39*t - 222 = -g. Let m(x) = -x**3 - 4*x**2 + x - 2. What is m(t)?
-6
Let i(s) = -44 + 44 - 10*s**2 + 3 - s. Give i(1).
-8
Let u(v) = 37*v - 296. Let m be u(8). Let a = -6 - m. Let r(g) = -g**3 - 6*g**2 - 3. Determine r(a).
-3
Let x(w) be the first derivative of -2*w**3/3 - 2*w**2 + 4*w + 1. Let v(c) = c**3 - 4*c**2 - 8*c + 11. Let l be v(6). Suppose -l*i - 32 = -27*i. Calculate x(i).
-12
Let w(f) = -152*f - 167*f - 159*f + 488*f + 12. Determine w(-4).
-28
Let m(a) = -16*a**3 - 40*a**2 + 15*a + 3. Let w(n) = -30*n**3 - 77*n**2 + 29*n + 2. Let l(y) = -13*m(y) + 7*w(y). Give l(-10).
-5
Suppose -4*y + 23*p - 28*p - 30 = 0, -2*p = 4*y + 24. Let k(m) = -m**3 - 5*m**2 - 3*m - 16. Calculate k(y).
-1
Let y(i) be the second derivative of i**5/20 - 13*i**4/12 - 11*i**2/2 - 45*i + 29. What is y(13)?
-11
Let u(s) = 4*s - 5*s - 23 - 2*s**2 + 29 + 3*s. Calculate u(5).
-34
Let v(f) = f**2 + 11*f - 26. Let j be v(2). Let t(z) = -z**2 + z - 44. Let o(p) = -2*p**2 + 2*p - 88. Let k(a) = -4*o(a) + 9*t(a). Give k(j).
-44
Let a be (-2)/((-2)/(-5)) + 61 + 654. Let g = a - 704. Let d(q) = -q**2 + 10*q - 19. Calculate d(g).
5
Let a(x) = 43*x - 397. Let i = 16480 - 16471. What is a(i)?
-10
Suppose -26*m - 48 = -126. Let l be (10 + -6)*m/(-6) - 4. Let r(c) = 5*c + 6 + 1 + 2*c**2 - c**2. Give r(l).
13
Let n(j) = -j**3 - 4*j**2 - j - 1. Let z(t) = -2*t**3 - 6*t**2 + 5*t - 2. Let i(q) = 3*n(q) - z(q). Determine i(-6).
47
Let u = 2 + -5. Let l(c) = -5 + c**3 - 723*c + 0*c**2 + c**2 - 6 + 0 + 721*c. Let i(a) = 5*a**3 + 4*a**2 - 9*a - 59. Let q(w) = -2*i(w) + 11*l(w). Give q(u).
9
Let s(z) be the third derivative of z**4/12 - 13*z**3/3 - 6*z**2 - 54. Calculate s(9).
-8
Let o(w) = -37*w**2 + 2 - 3 - 4 + 35*w**2 - 4*w. Let c(q) = -3*q**2 - 9*q - 11. Let d(u) = -3*c(u) + 5*o(u). Give d(7).
8
Let w(f) be the third derivative of -1/24*f**4 + 0 + 15*f - 2*f**2 - 10/3*f**3. What is w(-13)?
-7
Suppose -3*r + 45 = o, -34*o + 31*o + 135 = 5*r. Let h(u) = o*u**2 + 2*u - 90*u**2 + 5 + 46*u**2 + 2*u. Give h(-6).
17
Let z be 1/((0 - -3)/(-3)). Let p(d) = 417 + 2*d + 409 + 414 - 1244. Calculate p(z).
-6
Let q(z) be the third derivative of 5*z**4/24 - 20*z**3/3 - 1563*z**2. What is q(17)?
45
Let o(m) = -447*m**2 + 23*m + 14. Let d(y) = -32*y**2 + y. Let q(s) = -14*d(s) + o(s). Determine q(-10).
24
Let k(h) = 6*h**2 - 11*h - 22. Let a(z) = 5*z**2 - 10*z - 21. Let j(b) = 5*a(b) - 4*k(b). Let q be 2/(16 + 756/(-48)). What is j(q)?
-1
Let d be (-9900)/726 - (-8)/(-22). Let w(u) = u**3 - 2*u**3 + 15 + 14*u**2 + 2*u**3 + 6*u - 5*u. Give w(d).
1
Let i(j) = j**3 + 4*j**2 - 3. Suppose -5*d = 4*l - 21, -17*l + 12*l = -5*d + 30. Suppose -d*k - 9 = 6. Give i(k).
6
Let m(l) = 4*l - 117. Let r(a) = 4*a - 161. Let x(q) = 3*m(q) - 2*r(q). What is x(13)?
23
Let w(j) = -3*j**2 + 13*j + 153. Let r(c) = -7*c**2 + 27*c + 367. Let y(z) = 2*r(z) - 5*w(z). What is y(12)?
-19
Let l(g) = -g**3 + 8*g**2 - 11*g + 8. Let c(p) = p**3 + 6*p**2 + 9*p + 8. Let f be c(-2). Calculate l(f).
14
Let m(h) = h**3 + 8*h**2 - 8*h - 6. Let t be (-12)/(-4) - 7 - -8. Suppose d - 3*d + 104 = -t*w, -d + 4*w + 48 = 0. Let z = d + -65. What is m(z)?
-15
Let d(i) = i**2 - 44*i + 87. Let p = 35414 - 35412. Determine d(p).
3
Let u(g) = -g**2 - g + 12. Suppose -5*q - d - 21 - 12 = 0, 5*q - 3*d = -41. Let z be (q/35)/((-1)/15). Let k be (3 + (0 - z))*(-3)/(-6). Give u(k).
12
Let m(j) be the second derivative of j**6/360 - j**5/12 - 109*j**4/12 + 18*j. Let t(n) be the third derivative of m(n). Calculate t(7).
4
Let f(o) = -3*o - 4557*o**2 + 4560*o**2 - 2*o**3 + 4 + 1 - 2 + 0. Let n(t) = 2*t - 10. Let v be n(7). Suppose -6 = -h - v. Calculate f(h).
-7
Let t(o) = -o. Let y be t(-3). Suppose 3*n = -y + 18. Let i(h) = -5 + 4*h**2 - 7*h**3 + 4*h**3 - h + 2*h**3 + 6*h. Determine i(n).
-5
Let f(c) be the second derivative of -2/3*c**3 + 0 + 31*c + 0*c**2. Let j be f(-2). Let h(d) = d - 2. Determine h(j).
6
Let d(a) = a**3 + 4*a**2 + 2*a - 3. Let g be (-180)/(-21) - 6/(-14). Suppose g = 18*m + 63. Calculate d(m).
0
Let y(m) be the first derivative of m**4/4 - 5*m**3/3 - 5*m**2/2 - 2*m - 2. Let k = 182 - 238. Let n be (-25)/(-4) + 14/k. Give y(n).
4
Let m(b) = b - 4. Let n = -2148 - -2139. Give m(n).
-13
Let s(m) = -m**2 + 4*m + 1. Let f be -3 + 3 + 2 + -1*2. Suppose f*j = 13*j - 182. Suppose -j = -12*y + 10. Calculate s(y).
5
Let r(h) = 14*h**2 + 39*h + 40. Let d(v) = 3*v**2 + 9*v + 10. Let b(i) = -9*d(i) + 2*r(i). Calculate b(-2).
0
Let j(b) = 3*b**3 - 6*b**2 + b + 4. Let n be (6/20)/(12/80). Calculate j(n).
6
Let x(i) = -12*i**3 + 2074 - 1026 - 1045 + 2*i. Give x(-1).
13
Suppose 513*o + 4308 = -1848. Let t(b) = -19*b**2 - 229*b - 12. Give t(o).
0
Let d(s) = -15*s - 9. Let l = -8244 - -8241. Give d(l).
36
Suppose 7*d - 2*d + 5 = 0. Let z(l) = -19*l + 18. Let j(x) = -63*x + 63. Let p(s) = -2*j(s) + 7*z(s). Calculate p(d).
7
Let n be ((-1068)/198 - 15/55) + (-6)/(-9). Let s(f) = -33*f - 163. What is s(n)?
2
Let l(q) be the third derivative of q**5/20 + 2*q**4/3 + 5*q**3/6 + 782*q**2. Give l(-5).
0
Let a(f) = -4120*f - 41188. Let k be a(-10). Let g(v) = -11*v**2 - 72*v - 26. Let z(h) = 4*h**2 + 24*h + 9. Let w(y) = -6*g(y) - 17*z(y). Give w(k).
3
Let r be 4/(-6)*(-3)/(-2). Let d be r/((-2)/16) - 2. Let y(x) = -51*x - 60. Let q(l) = -37*l - 43. Let j(c) = 18*q(c) - 13*y(c). Determine j(d).
-12
Let v(x) = -x**2 - 65*x - 875. Let f be v(-46). Let d(l) = -16*l**2 + 1. What is d(f)?
-15
Let z(s) = s**3 - 4*s**2. Suppose 2*v = -2, 2*b - 10 = 3*v + 3. Suppose -2*h + 24 = 2*f - b*h, 0 = -h - 2. Let l be 20/(-12) - (-51)/f. Calculate z(l).
0
Let v = 575 + -584. Let j be (-1 + 13)*((-15)/v)/5. Let l(g) = 7*g - 10. Give l(j).
18
Let s(b) = -b**2 + 3*b - 2*b**2 - 12 + b**2 - 2*b + 9. Let o = 66 + -63. Give s(o).
-18
Let w(b) = -b**3 - 6*b**2 + 8*b + 7. Let n(a) = a**2 + 14*a - 127. Suppose 2*h - 24 = 4*k, 3*h - 2*h + 6 = -4*k. Let i be n(h). Determine w(i).
0
Let o(d) = -22*d**2 + 5*d - 3. Let p(y) = -8*y**2 + 2*y. Let b(h) = -o(h) + 2*p(h). Determine b(1).
8
Let q = 3115 - 3113. Let i(w) = 40*w - 2. Calculate i(q).
78
Let y(g) = 46*g. Let c(q) = -50*q + 1. Let b(l) = -5*c(l) - 6*y(l). Determine b(-2).
47
Let h(w) = -w**3 - 8*w**2 - 2*w - 4. Let l(i) = 57*i + 676. Let m be l(-12). Determine h(m).
12
Let j be (-169)/26 - -6 - 410/4. Let m = 101 + j. Let a(n) = -n**3 - n**2 - 3*n - 3. Determine a(m).
7
Let u(b) = 11*b + 77. Let s(k) = 1. Let h(p) = -44*s(p) + u(p). Let i(j) = -4*j - 12. Let y(x) = -3*h(x) - 8*i(x). Let t be (-5 - 1)/(-1)*1. What is y(t)?
-9
Let t(j) = -2402 + 2380 - 4*j**2 + j**3 - 6*j**2 - 16*j + 3*j**2. Determine t(9).
-4
Let w(z) = 13*z - 739. Let m be (-1 - 1) + 66 + -6 + -1. Calculate w(m).
2
Let r(a) = 4*a**3 + a**2 + 3. Let f(d) = 11*d**3 - 3*d**2 - d + 7. Let w(o) = -f(o) + 3*r(o). Suppose -4*x = x + 30. Give w(x).
-4
Let v(c) = c**3 - 5*c**2 + 3*c + 6. Suppose 6*a - 9*a = -4*g + 100, 0 = 5*a - 5*g + 170. Let z = 41 + a. Give v(z).
21
Let m(k) = k**2 - 6*k - 5. Let j be -6 - 16/(-4) - -1*2. Let b be (-20)/(j + 5) + 10. Calculate m(b).
-5
Let p(y) = -y - 30 + y**3 + 10 + 2*y + 12 + 9 + 2*y**2. Let u(h) = h**3 + 6*h**2 + 8*h - 4. Let m be u(-3). Determine p(m).
1
Suppose -m + f + 24 = 0, -m + 45*f = 42*f - 28. Let x(p) = p**3 - 23*p**2 + 25*p - 70. Calculate x(m).
-4
Let a be ((-120)/96)/(10/(-16)). Let b(g) = 12 + 6*g + 11*g**2 + 2*g - 10*g**2 - a*g + 2*g. Give b(-5).
-3
Let c(x) be the first derivative of -3*x**2